-9).
-222
Let o(t) = -843*t + 83459. Give o(99).
2
Let d(w) = -w**3 - 36*w**2 - w + 59. Calculate d(-36).
95
Let d(f) = -1095*f - 3226. Determine d(-3).
59
Let s(l) = 7*l**2 + 301*l + 4. What is s(-43)?
4
Let g(w) = -w**3 + 32*w**2 - 8*w + 259. Calculate g(32).
3
Let s(f) = -2*f**2 - 3*f - 32. Determine s(0).
-32
Let q(l) = -l**2 + 218*l + 9. What is q(0)?
9
Let z(j) = 5*j**2 - 11*j - 29. Determine z(7).
139
Let m(r) = -r**2 - 45*r + 2356. Calculate m(31).
0
Let o(c) = -2033*c + 6105. Determine o(3).
6
Let o(j) = 3*j**3 - 45*j**2 + 151*j - 6. Give o(10).
4
Let a(f) = 2*f**2 + 120*f + 1016. Calculate a(-11).
-62
Let m(s) = -3*s**2 - 83*s - 63. What is m(-27)?
-9
Let s(w) = 1113*w + 11140. What is s(-10)?
10
Let y(i) = -i**2 + 148*i - 2143. What is y(16)?
-31
Let j(k) = k**2 - 719*k - 19356. Determine j(-26).
14
Let t(g) = 2*g**2 + 149*g + 1657. Calculate t(-61).
10
Let h(m) = -3*m**3 + 8*m**2 + 6*m - 17. What is h(3)?
-8
Let p(u) = 4*u - 141. Give p(23).
-49
Let l(w) = -41*w + 898. Give l(22).
-4
Let t(n) = 76*n + 3196. What is t(-42)?
4
Let a(w) = 7*w**2 - 300*w - 38. Determine a(43).
5
Let t(r) = -4*r**2 + 20*r + 10. Give t(6).
-14
Let p(o) = -o**3 + 11*o**2 + 163*o + 75. Determine p(-8).
-13
Let f(l) = -l**3 - 115*l**2 - 332*l + 479. Calculate f(-112).
31
Let a(l) = l**3 - 51*l**2 + 240*l - 453. Determine a(46).
7
Let j(n) = 28*n**2 - 672*n - 5. Determine j(24).
-5
Let n(a) = a**3 + 36*a**2 + 122*a + 33. Determine n(-32).
225
Let c(r) = 3*r**3 + r**2 - r - 28. Calculate c(-3).
-97
Let v(k) = 87*k + 2710. Determine v(-31).
13
Let i(x) = 625*x**2 + 14373*x - 48. Calculate i(-23).
-2
Let g(f) = -127*f + 2103. Give g(18).
-183
Let a(q) = -q**3 - 7*q**2 + 1177*q + 7104. Determine a(-6).
6
Let b(g) = -78*g - 386. Calculate b(-5).
4
Let d(g) = 345*g + 757. Give d(-3).
-278
Let b(h) = -h**2 - 41*h + 5154. What is b(54)?
24
Let l(y) = 1185*y - 109023. Calculate l(92).
-3
Let g(x) = -x**3 - 60*x**2 + 325*x + 6. What is g(-65)?
6
Let a(t) = 111*t + 527. What is a(-9)?
-472
Let y(k) = 2*k**3 + 912*k**2 - 1830*k + 911. What is y(-458)?
-5
Let j(i) = i**2 + 60*i + 172. Determine j(-44).
-532
Let v(s) = -1657*s + 1527. Give v(1).
-130
Let a(n) = -5*n**2 + 28*n + 60. Calculate a(13).
-421
Let k(b) = -2*b**3 + 4*b**2 + 9*b - 11. Give k(5).
-116
Let v(y) = y**3 - 2*y**2 - 12*y + 109. Give v(7).
270
Let b(f) = 703*f + 2105. Calculate b(-3).
-4
Let w(k) = -k**3 - k**2 + 152*k + 298. Calculate w(-2).
-2
Let k(h) = -h**2 + 13*h + 239. Calculate k(21).
71
Let t(n) = 125*n + 37. What is t(-1)?
-88
Let k(t) = 125*t + 3242. Give k(-26).
-8
Let z(h) = h**3 - 44*h**2 + 122*h + 1. What is z(41)?
-40
Let y(s) = 3*s + 113. Calculate y(-24).
41
Let a(j) = 8*j**2 - 207*j + 174. Determine a(25).
-1
Let g(y) = -2*y**3 - 13*y**2 + 93*y - 72. Give g(-11).
-6
Let i(u) = -u + 160. What is i(-45)?
205
Let z(l) = 2*l**2 + 12*l + 6. Give z(-7).
20
Let f(o) = 3*o**2 - 323*o + 7137. Give f(31).
7
Let v(m) = -m**3 + 32*m**2 - 29*m - 777. Determine v(30).
153
Let k(x) = 6*x**2 - 112*x + 76. Calculate k(18).
4
Let i(a) = -a**3 + 98*a**2 - 90*a - 684. Determine i(97).
-5
Let m(f) = -2*f**3 - 7*f**2 + 20*f + 73. What is m(-3)?
4
Let n(l) = -l**3 + 12*l**2 + 81*l + 66. Determine n(17).
-2
Let k(x) = -x**2 - 6*x - 17. What is k(-10)?
-57
Let i(g) = 38*g - 402. Determine i(7).
-136
Let c(q) = -3*q**2 - 3*q - 67. Give c(0).
-67
Let g(t) = -30*t + 24. What is g(10)?
-276
Let l(y) = -3*y**3 - 18*y**2 + 72*y + 451. Calculate l(-6).
19
Let r(i) = -340*i - 2006. Determine r(-4).
-646
Let y(s) = s**3 + 19*s**2 - 467*s + 33. Calculate y(14).
-37
Let y(r) = r**3 - 15*r**2 + 17*r - 19. Determine y(8).
-331
Let v(s) = -5*s**2 + 939*s + 15420. Give v(203).
-8
Let w(q) = -14*q + 800. What is w(60)?
-40
Let u(z) = -6342*z + 31728. Calculate u(5).
18
Let d(c) = -24*c + 222. Calculate d(9).
6
Let n(d) = 9*d**2 + 33*d - 173. Give n(-7).
37
Let r(v) = 82*v + 2048. What is r(-25)?
-2
Let q(k) = 47*k + 492. What is q(-7)?
163
Let y(m) = -2*m**3 - 24*m**2 - 16*m - 34. Give y(-11).
-100
Let y(j) = 8*j**2 + 52*j + 51. What is y(-5)?
-9
Let o(h) = -7*h**2 - 1124*h - 608. What is o(-160)?
32
Let q(s) = -2*s**3 + 71*s**2 + 113*s - 72. Give q(37).
2
Let g(m) = 8*m**3 - 126*m**2 - 33*m + 16. Calculate g(16).
0
Let v(g) = -4*g**3 + 77*g**2 - 21*g - 4. Determine v(19).
-42
Let m(x) = -3*x**3 - 13*x**2 - 12*x + 14. Determine m(-2).
10
Let l(j) = -13*j**2 - 148*j. What is l(-12)?
-96
Let k(c) = 2*c**2 - 69*c - 41. Calculate k(36).
67
Let x(b) = 4*b + 430. Give x(24).
526
Let u(w) = 6*w - 156. Calculate u(29).
18
Let f(l) = 18*l**2 - 488*l + 526. Determine f(26).
6
Let r(t) = t**3 - 8*t**2 - 2*t + 5. What is r(8)?
-11
Let c(u) = 6*u**3 + 10*u**2 - 20*u + 9. Determine c(1).
5
Let b(q) = 205*q**2 + 1224*q - 21. What is b(-6)?
15
Let m(b) = 3*b**2 - 139*b - 1102. Determine m(-7).
18
Let r(u) = -u**3 + 15*u**2 + 194*u + 49. Give r(24).
-479
Let i(t) = t**3 + 53*t**2 + 53*t + 46. What is i(-52)?
-6
Let i(c) = 74*c - 3545. Determine i(48).
7
Let g(f) = 2020*f - 12127. Determine g(6).
-7
Let k(g) = -3*g**2 + 6*g - 7. Give k(4).
-31
Let m(d) = -33*d**2 + 318*d + 946. What is m(-3)?
-305
Let q(r) = 69*r - 1303. What is q(12)?
-475
Let d(w) = w**3 + 9*w**2 - 56*w - 44. Determine d(-13).
8
Let t(y) = y**2 + 37*y - 460. What is t(-47)?
10
Let c(k) = -5*k**3 - 3*k**2 - 10*k - 6. Determine c(-3).
132
Let k(t) = -7*t - 194. Give k(-62).
240
Let c(b) = -b**3 - 16*b**2 + 12*b - 19. Determine c(-17).
66
Let g(n) = -2*n + 9. Give g(-7).
23
Let a(r) = -r**3 - 15*r**2 + 5*r - 60. Calculate a(-16).
116
Let l(b) = 18*b + 58. Determine l(0).
58
Let q(j) = j**3 + 11*j**2 - 9*j - 195. What is q(-10)?
-5
Let u(j) = -7*j**3 - 54*j**2 + 11*j - 31. Determine u(-8).
9
Let k(t) = -13*t**2 + 226*t - 962. What is k(8)?
14
Let k(m) = -2*m**2 - 50*m + 2666. Determine k(-51).
14
Let n(q) = q**2 - 24*q + 101. Give n(7).
-18
Let c(b) = 136*b - 1376. What is c(10)?
-16
Let n(l) = -9*l**3 + 4*l**2 - 3. Calculate n(-3).
276
Let h(a) = 282*a - 1638. Calculate h(6).
54
Let o(w) = -w**2 - 64*w - 689. Give o(-52).
-65
Let d(b) = -441*b - 3155. Calculate d(-7).
-68
Let r(z) = -4*z**3 - 10*z**2 + 2*z - 3. Give r(-2).
-15
Let c(v) = 101*v + 911. Give c(-9).
2
Let z(y) = -718*y - 37352. Give z(-52).
-16
Let x(b) = -41*b + 1106. Calculate x(27).
-1
Let m(v) = 2*v**3 + 35*v**2 - 73*v - 1. Give m(2).
9
Let k(i) = -i**2 - 59*i - 8. Calculate k(-8).
400
Let x(a) = 674*a - 9394. Give x(14).
42
Let c(h) = -2*h - 28. Calculate c(35).
-98
Let v(w) = -19*w**3 + 115*w**2 - 388*w + 2280. Give v(6).
-12
Let j(d) = 2*d**3 - 2*d**2 + 8*d + 6. Give j(-3).
-90
Let k(x) = x**3 - 27*x**2 - 52*x - 67. Calculate k(29).
107
Let g(o) = 5*o + 172. What is g(-25)?
47
Let b(d) = -3*d**3 - 5*d**2 + 19*d + 5. Calculate b(3).
-64
Let a(p) = 3*p**3 + 60*p**2 + 49*p + 33. What is a(-19)?
185
Let d(y) = y**3 + 81*y**2 - 426*y + 341. Calculate d(-86).
-3
Let l(o) = o**2 + 14*o + 8. Give l(-20).
128
Let s(l) = -392*l - 1893. Determine s(-5).
67
Let a(g) = -598*g - 28697. Calculate a(-48).
7
Let d(z) = 13*z + 282. Give d(-24).
-30
Let s(q) = 42*q + 66. Give s(-3).
-60
Let a(o) = o**2 + 10*o - 2675. Give a(-57).
4
Let s(r) = -11*r - 127. What is s(-11)?
-6
Let l(y) = -y**2 - 58*y + 130. Calculate l(-60).
10
Let x(d) = 2*d**3 + 22*d**2 - 14*d + 52. Determine x(-12).
-68
Let a(r) = -2*r**3 + r**2 + 19*r. Give a(0).
0
Let x(o) = -12*o + 638. What is x(53)?
2
Let x(a) = -a**3 + 22*a**2 - 31*a - 503. Give x(19).
-9
Let x(z) = 17*z - 1994. Give x(118).
12
Let y(b) = -4*b**2 - b - 61. What is y(6)?
-211
Let o(p) = -37*p + 296. What is o(6)?
74
Let s(l) = l**3 - 33*l**2 + 227*l + 21. Calculate s(10).
-9
Let f(h) = -2*h**2 - 70*h + 470. Calculate f(6).
-22
Let y(x) = -5*x**2 + 233*x - 1584. Give y(8).
-40
Let b(x) = -x**3 + 16*x**2 - 27*x - 8. Calculate b(14).
6
Let g(z) = -8*z**2 + 454*z + 50. What is g(57)?
-64
Let a(p) = -p**3 + 5*p**2 + 2*p + 15. What is a(6)?
-9
Let o(t) = t**3 + 29*t**2 - 135*t - 96. Calculate o(-33).
3
Let c(i) = 1196*i + 3616. Give c(-3).
28
Let m(j) = 6*j**2 + 176*j + 1230. Give m(-11).
20
Let z(p) = -2*p**3 - 181*p**2 + 38*p - 4821. What is z(-91)?
2
Let m(b) = -b**3 - 74*b**2 + 149*b - 116. Give m(-76).
112
Let n(t) = 7*t - 86. Give n(15).
19
Let j(q) = -255*q - 6112. Determine j(-24).